 ((-2580)/90)/(p/3) is divided by 32?
11
Let o(r) = -r - 9. Let g(c) = 9*c - 36. Let p = -12 + 17. Calculate the remainder when g(p) is divided by o(-11).
1
Let r = 3590 - 2057. Calculate the remainder when r is divided by 12.
9
Suppose 20*o - 6124 = -3058 + 12994. What is the remainder when o is divided by 74?
63
Let n(p) = -14*p - 172. Suppose 2*k - 149 = -k + 5*c, -219 = -5*k + c. What is the remainder when k is divided by n(-13)?
3
Let g = -2 - -6. Suppose 2*o - 36 = -3*k - o, -5*o - g = -3*k. Suppose i - 3*i = -4*j - 48, j = 3*i - 87. Calculate the remainder when i is divided by k.
6
Let q be -6*(4 + (-63)/14). Suppose -3*x + 1566 = 5*h, -5*h + q*h - 3*x + 630 = 0. What is the remainder when h is divided by 45?
42
Let w = 212 + -190. Suppose w*m = 267 + 459. Calculate the remainder when 362 is divided by m.
32
Suppose 5*o = -r + 44, -2*r - 2*o + 128 = 3*r. Let k = 768055 + -767957. What is the remainder when k is divided by r?
2
Let y(t) = 111*t - 112*t + 10 + 5. Let o be y(10). Calculate the remainder when 17 is divided by (-6)/(-10) - (-22)/o.
2
Calculate the remainder when (30994/6)/((2/(-12))/(12/(-24))) is divided by 63.
62
Let t(h) = -h**2 + 10*h + 22. Let d(j) = j**3 + 6*j**2 + 10*j + 33. Let i be d(-5). Suppose 0*x + 40 = 5*x. Calculate the remainder when t(i) is divided by x.
6
Calculate the remainder when (4 + (-288)/27)/(8/(-36)) is divided by 24*((-27)/(-6))/9.
6
Let b(y) = 9*y**3 + 19*y**2 - y - 28. Let m(w) = 8*w**3 + 18*w**2 - 26. Let d(i) = 6*b(i) - 7*m(i). Calculate the remainder when 447 is divided by d(-6).
47
Let v(f) = 13*f**3 - 21*f**2 + f + 1. Calculate the remainder when v(4) is divided by 3.
0
Let g(m) = 2*m - 13 + m**3 - 4*m + 95 + m + m**2. Let s(u) = -1138*u - 4535. Calculate the remainder when g(0) is divided by s(-4).
14
Let z(c) = -c**3 + 5*c**2 + 2*c + 3. Let r be z(6). What is the remainder when r/(-2)*(16 - 10) is divided by (-43)/(-2) + 1 + (-2)/4?
19
Suppose 0 = -37*v + 2853 + 6471. Calculate the remainder when v is divided by 43.
37
Let y = 266 + -39. Suppose -21*w - y = -962. Calculate the remainder when w is divided by 9.
8
Let j(c) = c**3 - 7*c**2 + 5*c - 9. Suppose -7*b - 85 = -11*b + 3*s, 0 = b + 8*s - 100. What is the remainder when b is divided by j(7)?
2
What is the remainder when (-8 + (-188)/(-3))/((-16)/(-432)) is divided by 10?
6
Let v = -1932 + 1940. Calculate the remainder when 16911 is divided by v.
7
Let f(y) = y**2 - 9*y - 10. Suppose -646 = -b - 471. Let l = -105 + b. Calculate the remainder when l is divided by f(11).
10
Suppose -37*w + 346 = -35*w. Calculate the remainder when w is divided by 149.
24
Let a(j) = -21*j - 25. Let o be a(-10). Let n = 112 + 41. What is the remainder when n is divided by ((-37)/111)/(-2 + o/93)?
29
Suppose 3*p - 10*p - 126 = 0. Calculate the remainder when 746/10 - p/45 is divided by 20.
15
Suppose 9*o - 46 - 188 = 0. What is the remainder when 1/(-5) - (-992)/10 is divided by o?
21
Suppose -1470 + 3565 + 2114 = 23*t. Calculate the remainder when t is divided by 24.
15
Let a = -61 - -195. Suppose 0 = 3*p + 15, 4*f + 29 = p + a. What is the remainder when 34 is divided by f?
9
Suppose -72 = -254*o + 248*o. Let l(u) = u**3 - 21*u**2 - 26*u + 24. Let m be l(22). Let b = -24 - m. What is the remainder when b is divided by o?
4
Suppose -6*f + 19 + 250 = 5*n, -274 = -5*n - f. Calculate the remainder when n is divided by 22.
11
Let u(s) = 263*s - 10742. What is the remainder when 601 is divided by u(41)?
27
What is the remainder when 558 is divided by 3 + 85/(-25) - 4752/(-80)?
27
What is the remainder when 17453 - (-1)/((-8)/(-32)) is divided by 30?
27
Suppose 0*z + 332 = 4*z. What is the remainder when z is divided by ((-14)/6)/(45/75*1/(-9))?
13
Suppose -7*f + 504 + 644 = 385. Suppose 207 = 3*z - 0*z. What is the remainder when f is divided by z?
40
Let s(h) = 63*h**2 + 50*h - 370. What is the remainder when s(6) is divided by 31?
28
Let y = -14 + 16. Suppose -y*t = 3*u - 46, 0*t - 70 = -3*t - 5*u. Suppose -24*x + t*x + 20 = 0. Calculate the remainder when 17 is divided by x.
2
Let q(g) = -16*g - 5. Let x = -144 + 162. Suppose 4*n - 5*c = 61 + x, -c = -3*n + 51. What is the remainder when q(-5) is divided by n?
11
Suppose 263*g - 4214 = 86*g + 91*g. Calculate the remainder when 326/4 - (-1)/2 is divided by g.
33
Let w = 72 - 37. Suppose 0 = 3*u - 130 - 293. What is the remainder when u is divided by (-120)/w*(-4 + -3)?
21
Let b(m) = 12*m - 27. Let h be b(3). Let q be (12/3)/(3*3/h). Suppose -3*y - q*w = -90, 3*y + 0*w - 84 = -2*w. Calculate the remainder when 50 is divided by y.
24
Let v be (140/(-175))/((-1)/40). Let h = v + 23. Let g(f) = -f**3 + 5*f**2 + 4*f. What is the remainder when h is divided by g(5)?
15
Let c(z) = z**3 + 9*z**2 - 12*z - 16. Let r be c(-10). Suppose 44 = g + 5*l, -r*l = -4*g + 53 + 3. Calculate the remainder when 72 is divided by g.
15
Suppose 4*s = -4, -7*s + 2*s = 4*x - 67. What is the remainder when (-4 - -13) + (-3 - -62) is divided by x?
14
Suppose 2*r - 14 = -50. Let p = -3185 - -3189. Calculate the remainder when r*(-1 - 2/(-6)) is divided by p.
0
Suppose -3*j + 250 = 7*c - 6*c, -964 = -4*c - 3*j. Suppose 2*h + 4*o = c, -34*h + 553 = -29*h - 4*o. Calculate the remainder when h is divided by 27.
5
Let b = -3682 - -3696. Calculate the remainder when 2182 is divided by b.
12
Suppose 0 = 215*d + 42*d - 8*d - 98106. What is the remainder when d is divided by 113?
55
What is the remainder when (-307260)/(-130) - (-54)/117 is divided by 55?
54
Let o(f) = -9*f - 40. Let a be o(-13). Suppose a*l + 35 = 82*l. What is the remainder when 426 is divided by l?
6
Let h(f) = -f**2 + 5*f - 2. Let q be h(4). Suppose q*j = -4*b + 2*b + 76, -2*j = 6. What is the remainder when b is divided by 7?
6
Suppose 6*f + 8 - 38 = -2*l, 3*l - 13 = -f. Let u(n) = -n + 7. Let x be u(-10). Calculate the remainder when 50 is divided by f + (-1 + -3 - (-1 - x)).
14
Let z = 206 + -214. Calculate the remainder when 34 + (1 - 2)/(-1) is divided by (-182)/z + 45/(-60).
13
Let q be (-6)/(1 + 1) + (-6 - -10). Calculate the remainder when (-4 + q)/3 - -60 is divided by 18.
5
Suppose 2*g = -4*x + 2200, 6*x + 2*g - 1098 = 4*x. Calculate the remainder when 574 is divided by x.
23
Let z(n) = -5*n + 62. Let v(q) be the third derivative of 7*q**5/60 - 11*q**4/24 + 4*q**2. What is the remainder when z(6) is divided by v(2)?
2
Let k = 15492 - 15261. What is the remainder when 873 is divided by k?
180
Suppose -9*i - 50*i + 248*i = 7938. What is the remainder when 175 is divided by i?
7
Let i(p) = 33*p - 1046. Calculate the remainder when i(33) is divided by 18.
7
Suppose 13*q = 226 + 60. Suppose -q = 12*o - 322. Let f(z) = 15*z - 4. What is the remainder when f(5) is divided by o?
21
Let u be (384/36)/((-4)/6). Calculate the remainder when 14*u/6*-3 is divided by 35.
7
Suppose 2*r = 4*x - 6, 3*r + x + 6 = 6*x. Suppose a = -2*a + 12, 0 = -r*h + a + 98. Calculate the remainder when 165 is divided by h.
29
Suppose 5*y + 1 = 11. Suppose 0 = -k + 3*j + 30, 2*k - 52 = -y*j - 0. What is the remainder when k is divided by ((810/(-33))/(-5) - 5) + 222/22?
7
Suppose -37*y = -36*y - 89. Suppose 0 = -9*o + 5*o + 3*r + y, -4 = -4*r. What is the remainder when 0 - -3 - -5*(10 + -2) is divided by o?
20
Suppose 0 = -16*f - 95 + 1839. Let x = 126 - f. Calculate the remainder when x is divided by 17.
0
Let k(s) = s**3 - 5*s + 4. Let b be (35/25)/((-1)/(-35)*7). Suppose -b*o - 48 = -13*o. What is the remainder when k(3) is divided by o?
0
Let b = -452 + 887. Suppose -4*q + b = -q. Calculate the remainder when q is divided by 49.
47
Let p(x) = -531*x**3 + 1 + 266*x**3 - 12*x**2 + 264*x**3 - 2*x - 4. What is the remainder when 56 is divided by p(-12)?
14
Suppose 84*f = -135*f + 801276 - 184134. Calculate the remainder when f is divided by 141.
139
Let g = -26686 - -26702. Calculate the remainder when 72 is divided by g.
8
Let j(l) = -2*l**2 - l - 33. Let u be j(0). Calculate the remainder when 23940/220 - 3/u*2 is divided by 23.
17
Suppose -75*y + 9364 + 39637 = -131899. What is the remainder when y is divided by 71?
69
Let x(y) = 2*y**2 - 44*y + 453. Calculate the remainder when x(15) is divided by 91.
61
Let t(o) = -o**3 - o**2 + 12*o - 4. Let b(v) = v**2 + 41*v - 137. Let r be b(-44). What